tors of 65 + (-3 - b)*v?
2, 17
Let r = -6 + 12. Let j = -3 - r. List the prime factors of ((-4)/3)/1*j.
2, 3
Let i(k) = -k**3 - 6*k**2 + k + 9. Suppose -6*l = -6 + 42. What are the prime factors of i(l)?
3
Suppose 0*j - 5*j + 6795 = -4*x, 2*x - 1373 = -j. List the prime factors of j.
29, 47
Let f = 154 + -88. Let u be f/9*12/(-8). List the prime factors of -3 - ((1 - -2) + u).
5
Suppose -3*r + 2*c = -2*c + 14, -c + 15 = 5*r. Suppose -d - z - r*z + 3 = 0, d + 5*z = 3. What are the prime factors of 19 - ((-3)/d - -4)?
2
Let t be 6/((16/684)/2). Suppose t = -d + 10*d. What are the prime factors of d?
3, 19
Suppose d + 120 = 43. Let j = -34 - d. What are the prime factors of j?
43
Let o be (5/((-140)/(-8)))/(2/14). Suppose 0 = 5*m - o*m - 390. What are the prime factors of m?
2, 5, 13
Suppose -z + 4*v = z - 62, -5*v = -z + 16. Suppose 6 = -2*q, -170 = -3*h - 3*q - z. What are the prime factors of h?
2, 23
List the prime factors of 29926/12 + (1 - (-10)/(-12)).
2, 29, 43
Suppose -284 = -3*q + 97. Let o = q + -81. List the prime factors of o.
2, 23
Let q(o) be the first derivative of 29*o**3/3 + o**2/2 + o + 9. List the prime factors of q(-1).
29
Suppose -3*g = 2*l + 6, -3 = l - 0*g - 2*g. Let h(k) = k**3 + 4*k**2 + 2*k + 1. Let o be h(l). Let p = o + 57. List the prime factors of p.
61
Suppose 0 = 3*r + 3*t - 3111, 18*r = 17*r - 2*t + 1035. What are the prime factors of r?
1039
Suppose -1624 - 58 = -2*k. List the prime factors of k.
29
Let p be -2 + 3 + (-194)/(-1). Suppose 0 = -w + 4*w - p. What are the prime factors of w?
5, 13
Let v = -4 + 6. Let m be (v/(-6))/(3/(-36)). Suppose -w = -m*w + 93. List the prime factors of w.
31
Let f be 58/(-12) - 7/42. What are the prime factors of (-6)/(-15) - 493/f?
3, 11
What are the prime factors of ((-396)/30)/((-21)/1610)?
2, 11, 23
List the prime factors of (-20)/(-50) + 2536/10.
2, 127
Suppose 8*t - 6*t = 0. Let x(c) = c**3 - c + 110. Let s be x(t). Suppose 9*b = 4*b + s. What are the prime factors of b?
2, 11
Suppose -522 = 22*o - 46392. What are the prime factors of o?
3, 5, 139
Let i = -57 + 63. Suppose -2*u + 3*k + 108 = -15, 3*u - 207 = -3*k. What are the prime factors of i/(-3 - u/(-20))?
2, 5
Let b be (-3)/(-36)*141*4. Let r = -28 + b. Suppose 0 = -21*c + r*c + 6. List the prime factors of c.
3
Let b = 118 - 113. Suppose 0 = b*z - h - 1000, z + 4*h - 179 = -0*z. What are the prime factors of z?
199
Let j = -66 - -75. List the prime factors of j.
3
Let z be 14 - -99 - (-1 + -2). Suppose -5*m = -m - 2*h - 464, z = m - 3*h. Suppose 0 = 5*v - m - 119. List the prime factors of v.
47
Suppose -5*w - 4*i = -6535, -36*w + 3*i - 1307 = -37*w. List the prime factors of w.
1307
Suppose -5*n + 524 = -g, -2*g + 732 = 5*n + 205. List the prime factors of n.
3, 5, 7
Let d(w) = -w + 2. Suppose 3*a - 8*a - 15 = 0. Let o be d(a). Suppose -3*v + 96 = 4*h + v, -2*h + 63 = o*v. List the prime factors of h.
19
Suppose -5*z + 11 + 9 = 0. Let y = 0 + 0. Suppose 2*o + z - 10 = y. What are the prime factors of o?
3
Let o(p) = -29*p - 12. Suppose 4*d - 6*t + 20 = -t, 4*d - 4*t + 24 = 0. What are the prime factors of o(d)?
2, 139
Let q(g) = 10*g + 5. Let t(i) = 10*i + 4. Let v(k) = 2*q(k) - 3*t(k). What are the prime factors of v(-6)?
2, 29
Suppose 0*x = -3*x - t + 729, 4*t = -3*x + 729. What are the prime factors of x?
3
Let p = -66 - -152. Suppose 2*b - 38 = 2*f + 50, 0 = 2*b - 4*f - p. What are the prime factors of b?
3, 5
Suppose 65*k - 64*k = 2. Let t(z) = 17*z - 5. What are the prime factors of t(k)?
29
Let z(s) = 50*s**2 - s + 15. Let r be z(-7). What are the prime factors of 2/(-11) - r/(-44)?
2, 7
Suppose 21*f + 3136 - 38605 = 0. What are the prime factors of f?
3, 563
Let m = 290 - 72. What are the prime factors of m/4*(-4)/(-2)?
109
Suppose 2*q - 14 = -4*r, 3*r - 3 = 3. Let n be 80 + q/(9/6). Suppose 2*j = 8 + n. List the prime factors of j.
3, 5
Let x(a) = -a - 1. Suppose -o - 10 = -2. Let w be x(o). Suppose -2*t = -w - 57. List the prime factors of t.
2
Suppose 63*f - 65*f = -4. Suppose -m + 5*m + 2*g - 40 = 0, 3*m + f*g - 30 = 0. What are the prime factors of m?
2, 5
Let w be -2*-6*(-3)/(-12). Suppose 0*o + 5*o + 300 = 0. Let p = w - o. What are the prime factors of p?
3, 7
Let t = 853 + -499. List the prime factors of t.
2, 3, 59
Let y(s) = -264*s - 165. List the prime factors of y(-8).
3, 11, 59
Let t(b) = -92*b**3 - 2*b**2 + 16*b + 36. What are the prime factors of t(-2)?
2, 3, 61
Let w(r) be the second derivative of -r**6/360 - r**5/8 - r**4/6 - 12*r. Let q(n) be the third derivative of w(n). List the prime factors of q(-14).
13
Suppose -5*n = -3*t + 5*t, -4*n = -2*t. Suppose 3*g + 0*x = 4*x + 92, 3*x + 6 = t. What are the prime factors of g?
2, 7
Suppose -12*h + 1194 = -10*h. List the prime factors of h.
3, 199
Let s = 6535 + -4546. List the prime factors of s.
3, 13, 17
Let d(h) = -11 + 4*h**2 + 12 - h - 3*h**2. Let a(t) = t**3 - 7*t**2 + 9*t + 5. Let c(n) = -a(n) + 5*d(n). List the prime factors of c(10).
2, 3, 5
Let q = 66 - 54. Suppose 1312 = -4*w + q*w. List the prime factors of w.
2, 41
Let q(f) be the second derivative of f**5/20 - 2*f**4/3 - f**3 - 5*f**2 - 9*f. List the prime factors of q(9).
17
Let q = 2218 - 1331. What are the prime factors of q?
887
Let n be (11 + -9)/(2*-1). Let r be (-232 + n)/(-5 + 4). Suppose 0 = -5*c - 25, 4*j - 2*c - r + 79 = 0. List the prime factors of j.
2, 3
Suppose 0*n = 2*n + 42. Let r = n + 40. What are the prime factors of (0 - 0)/(-3) + r?
19
Let p be (-1 + 0/(-1))*7. Let v(c) = c**2 + 2*c + 7. What are the prime factors of v(p)?
2, 3, 7
Let k be -1 - (4 + (-8)/1). Suppose -2*o = 6*y - 3*y - 15, 3*y = k*o. Suppose -2*p = -y*w + 139, 2*w - 70 - 32 = -p. What are the prime factors of w?
7
Let s = 1021 - 690. List the prime factors of s.
331
Let n(m) = 96*m - 8. What are the prime factors of n(1)?
2, 11
Let j be (-1)/(-3) + (-56)/42. Let k = 16 + j. Let d = k + -11. List the prime factors of d.
2
Let j(n) = 2*n - 15*n**2 + 9 + n**3 - 4*n - 5*n - 7*n. What are the prime factors of j(16)?
41
Let n(x) = 2*x - 11. Let o be n(-8). Let d = -5 - o. What are the prime factors of d?
2, 11
Let h = 32 + -36. Let o(a) = -18*a - 14. List the prime factors of o(h).
2, 29
Suppose 0 = 2*j + 4*y - 1148, -8*j + 3*y = -12*j + 2301. What are the prime factors of j?
2, 3
Let u be -2*(-1)/(-2) + -1. Let m be (8/14)/(u/(-7)). Suppose -4*t + m*t + 36 = 0. What are the prime factors of t?
2, 3
Let x(a) = 60*a - 4. Let n be x(2). Let s = n - 66. What are the prime factors of s?
2, 5
Suppose 0 = 2*z + 2*b - 4280, z - 7*b + 4*b = 2132. List the prime factors of z.
2, 1069
Suppose 5*b - 5 - 10 = d, 3 = 2*b - d. Suppose 3*h - b*n = 219, -6 - 9 = -5*n. Suppose -h = -m - 3. What are the prime factors of m?
2, 37
Let f(o) = -o - 2. Let s be f(4). Let w be ((-8)/s)/((-4)/6). What are the prime factors of (w + 31)*(-1)/(-1)?
29
Suppose 18*q - 9009 = 12375. List the prime factors of q.
2, 3, 11
Let m = -47 - -55. Suppose m*o = 4*o + 176. What are the prime factors of o?
2, 11
Suppose -2272 - 274 = -2*p. List the prime factors of p.
19, 67
Let p(i) = 35*i**2 + i + 2. Let n be p(3). Let h = -220 + n. List the prime factors of h.
2, 5
Let t = 10249 - 5487. What are the prime factors of t?
2, 2381
Suppose 35 = 2*w + 9. Let k(h) = -h**3 + 12*h**2 + 13*h + 24. List the prime factors of k(w).
2, 3
What are the prime factors of ((-40)/24)/(-5) - (-1064)/3?
5, 71
Suppose -5*b + 37 + 38 = 0. Suppose w - b = 33. List the prime factors of w.
2, 3
Suppose -2*f = -7*f - 395. Suppose -59*b + 51*b = -1048. Let p = b + f. List the prime factors of p.
2, 13
Suppose -4*o = o - 520. Suppose -3*f = x - 0*x - o, 3*f = -15. List the prime factors of x.
7, 17
Let b(d) = d**2 + 4. Let a be b(0). Suppose -a*f = -4*z + 256, -2*z = -3*z - 5*f + 88. List the prime factors of z.
2, 17
Let b = -14 + 20. Let d(v) = 9*v + 11. What are the prime factors of d(b)?
5, 13
Let n(o) = -o - 10 - 1 + 2. Let f be n(-4). What are the prime factors of (160/(-3))/f*3?
2
Suppose -689 = -4*f - 5*w, -f - 9*w + 191 = -4*w. What are the prime factors of f?
2, 83
Let n(j) = 174*j**2 + 21*j - 47. List the prime factors of n(4).
7, 13, 31
Let f(l) = -13*l - 2. Suppose -3*w = 15, -2*a - 2*w - 25 = 3*a. Let i be 1 + a - (-1 + 1). List the prime factors